e 13, what is 4 + 181?
185
In base 16, what is 1e6 - 3?
1e3
In base 16, what is 384 - -5?
389
In base 14, what is -5 + -27?
-2c
In base 13, what is 1298 + 2?
129a
In base 5, what is 24 + -1?
23
In base 3, what is -1201 + -122?
-2100
In base 4, what is 12223 - 10?
12213
In base 3, what is 10 + 110111?
110121
In base 14, what is -abd + 0?
-abd
In base 10, what is 23 + 76?
99
In base 13, what is ac - aa?
2
In base 16, what is -4f + -6?
-55
In base 9, what is 0 - -1882?
1882
In base 15, what is 5 - 65c?
-657
In base 15, what is -4 + -2a0?
-2a4
In base 4, what is 32 - 212?
-120
In base 12, what is 0 + -22?
-22
In base 12, what is -9 + -46?
-53
In base 11, what is -4 + -611?
-615
In base 3, what is -2 + 202?
200
In base 10, what is 1 - -1013?
1014
In base 14, what is 7 - -a?
13
In base 8, what is -11 + -41?
-52
In base 5, what is 10 - 131?
-121
In base 9, what is 51357 - 0?
51357
In base 2, what is 1 + 110011?
110100
In base 8, what is 1406 + 5?
1413
In base 14, what is d + -39c?
-38d
In base 7, what is -1 + -10613?
-10614
In base 8, what is -120 - 7?
-127
In base 6, what is -103 - -11?
-52
In base 16, what is -6 + 126?
120
In base 9, what is -3 - 87?
-101
In base 10, what is -215 + 5?
-210
In base 8, what is -4 + 3612?
3606
In base 7, what is 5 - -1333?
1341
In base 15, what is -4 + 23?
1e
In base 16, what is -254 - 7?
-25b
In base 2, what is -10010 + 1100100011?
1100010001
In base 5, what is 2 + 1341?
1343
In base 9, what is -126 - 0?
-126
In base 12, what is 28 + -26?
2
In base 7, what is -15 + 1122?
1104
In base 16, what is -2e - -61?
33
In base 7, what is 126 + -2?
124
In base 5, what is 0 + 2223?
2223
In base 16, what is 0 - -3a?
3a
In base 11, what is 250 + a?
25a
In base 16, what is 6 - c8?
-c2
In base 3, what is -1011200 + 100?
-1011100
In base 7, what is 520 + -10?
510
In base 5, what is 0 + 3132?
3132
In base 3, what is -1002 - 110112?
-111121
In base 5, what is 1 - -140?
141
In base 15, what is -2 - 61?
-63
In base 15, what is 1 + 1c1?
1c2
In base 16, what is 751 - -c?
75d
In base 7, what is -32 - 660?
-1022
In base 7, what is -51 + 5?
-43
In base 3, what is 1022221 - -2?
1100000
In base 6, what is 210 - 14?
152
In base 7, what is -5 - -13524?
13516
In base 3, what is -20110210 - -2?
-20110201
In base 12, what is -49 - -2?
-47
In base 13, what is 572a + -4?
5726
In base 10, what is 4 + 234?
238
In base 10, what is 11 + -2788?
-2777
In base 3, what is -2110 - 101?
-2211
In base 10, what is -2492 + -2?
-2494
In base 7, what is -2 + 3?
1
In base 12, what is 24 + -22?
2
In base 16, what is -4e + 0?
-4e
In base 9, what is 15570 - 3?
15566
In base 16, what is 2a + -11?
19
In base 12, what is 2 - 2a6b?
-2a69
In base 4, what is 3 - -222?
231
In base 10, what is -3 + 6?
3
In base 2, what is -1110101 - 110111?
-10101100
In base 12, what is -4 - -10?
8
In base 7, what is 1556 - -30?
1616
In base 5, what is 14 + 3424?
3443
In base 14, what is -2 - 472?
-474
In base 7, what is 4 - -31?
35
In base 3, what is 212111 + -2?
212102
In base 4, what is -10321 + -11?
-10332
In base 10, what is -5 - -51?
46
In base 5, what is -1 - -313?
312
In base 6, what is -3 + 10221?
10214
In base 10, what is 11200 + 4?
11204
In base 11, what is 2 - 26?
-24
In base 7, what is 3413 - 1?
3412
In base 11, what is 57 + 24?
80
In base 9, what is -2041 + -5?
-2046
In base 12, what is -166b + -3?
-1672
In base 10, what is -239 + -1?
-240
In base 8, what is -3 - 6165?
-6170
In base 11, what is -6 + 70?
65
In base 9, what is 117 - 5?
112
In base 16, what is 76 + -2?
74
In base 5, what is -10142 - -2?
-10140
In base 13, what is 17a + 10?
18a
In base 16, what is 16 - -17e?
194
In base 9, what is 2657 + 2?
2660
In base 10, what is -66 - 218?
-284
In base 13, what is 15b - 6?
155
In base 10, what is -3 + 238?
235
In base 13, what is 0 - 52?
-52
In base 3, what is -10 - 1111120?
-1111200
In base 2, what is 10 + -10110?
-10100
In base 13, what is 43 - -6?
49
In base 15, what is 4 - 25?
-21
In base 11, what is 6 + 10?
16
In base 10, what is 2151 + -1?
2150
In base 7, what is 1116 - -4?
1123
In base 8, what is 6312 + -1?
6311
In base 12, what is 30 + -8?
24
In base 4, what is 1 + 20102?
20103
In base 5, what is -3223411 + 10?
-3223401
In base 4, what is -1 + 211?
210
In base 15, what is 3 - -39c?
3a0
In base 4, what is 2011012 + 2?
2011020
In base 11, what is -92 - 103?
-195
In base 3, what is 10 + -2112121?
-2112111
In base 10, what is -602 + -5?
-607
In base 5, what is 0 - -3214?
3214
In base 8, what is 2557 - -4?
2563
In base 11, what is -4 + 112?
109
In base 16, what is -35 - e0?
-115
In base 6, what is 153 + -240?
-43
In base 7, what is 4 - -12611?
12615
In base 2, what is -11101 + -110000?
-1001101
In base 3, what is 2 - 20?
-11
In base 7, what is -1363 + -4?
-1400
In base 7, what is 4 - 14?
-10
In base 12, what is 1a + 1b?
39
In base 3, what is 11110112 - 12?
11110100
In base 10, what is -4 - -136?
132
In base 7, what is -302 - -1?
-301
In base 6, what is 51 + 15?
110
In base 2, what is 10 - -10111100?
10111110
In base 7, what is 21 - -1250?
1301
In base 13, what is 2 - -70a?
70c
In base 9, what is 255 - 4?
251
In base 4, what is -11 - 1010?
-1021
In base 16, what is 0 + -b22?
-b22
In base 2, what is 10001000100 + 100?
10001001000
In base 5, what is 1032 + 10?
1042
In base 3, what is -2 - 1002011?
-1002020
In base 14, what is -5 - -2138?
2133
In base 6, what is -3 - -125?
122
In base 16, what is -65f - -3?
-65c
In base 9, what is 13087 + 0?
13087
In base 15, what is 1b + 6?
22
In base 3, what is 2002120 + 2?
2002122
In base 16, what is -7 - e?
-15
In base 4, what is 2221 - 0?
2221
In base 15, what is -3d9 - 5?
-3de
In base 14, what is 20 - -2b1?
2d1
In base 5, what is 3 - -113103?
113111
In base 7, what is -14442 - -5?
-14434
In base 16, what is -3 + 9f?
9c
In base 12, what is -314b + -4?
-3153
In base 10, what is 19 - -123?
142
In base 5, what is -430 + -3?
-433
In base 16, what is 4 - -622?
626
In base 15, what is d - 1d?
-10
In base 7, what is 23 + -11?
12
In base 16, what is 30 - 0?
30
In base 2, what is 11010000 + 100?
11010100
In base 14, what is 1c + a?
28
In base 13, what is 3 + -3ab?
-3a8
In base 6, what is -10244 - 4?
-10252
In base 3, what is 22222 - 2202?
20020
In base 15, what is -1 - 50?
-51
In base 7, what is 162 - 11?
151
In base 4, what is 100 + -102?
-2
In base 6, what is 5 + 211?
220
In base 11, what is -211 - -1?
-210
In base 4, what is -112102 + -3?
-112111
In base 12, what is -14 + -317?
-32b
In base 6, what is 4 + -5?
-1
In base 14, what is 93 - -1?
94
In base 11, what is -12 - -47?
35
In base 7, what is -36 - -2?
-34
In base 16, what is 9 + 8?
11
In base 3, what is 1111102 - 21?
1111011
In base 14, what is -3b - 2?
-3d
In base 7, what is -2 + 22510?
22505
In base 8, what is 55 + -4?
51
In base 6, what is -4 + 210?
202
In base 2, what is 11000000110 - 0?
11000000110
In base 10, what is -9 - 0?
-9
In base 3, what is 22201 - 22?
22102
In base 6, what is 311005 - 4?
311001
In base 14, what is -5 + 864?
85d
In base 14, what is 1 - -c6a?
c6b
In base 8, what is 1 + 150?
151
In base 2, what is -11 + -100110110?
-100111001
In base 5, what is -441 + -130?
-1121
In base 9, what is -11 + 28?
17
In base 11, what is -45 - -10?
-35
In base 3, what is 12010 + 1020?
20100
In base 5, what is -133 - 14?
-202
In base 12, what is -8 + 75?
69
In base 10, what is -6637 + -1?
-6638
In base 9, what is 407 + -1?
406
In base 6, what is 255 - -431?
1130
In base 7, what is 214 - -41?
255
In base 13, what is -1 + -7a?
-7b
In base 16, what is 163 - 0?
163
In base 10, what is 1250 - 26?
1224
In base 3, what is 11 + 211012?
211100
In base 6, what is 3 - -23?
30
In base 16, what is 1 - -81?
82
In base 13, what is -2c - -5?
-27
In base 9, what is -5136 - 5?
-5142
In base 15, what is c0 + b?
cb
In base 12, what is -18 + 59?
41
In base 2, what is -1000 - -1010011?
1001011
In base 3, what is -200011 + 11?
-200000
In base 5, what is -110 + 1401?
1241
In base 6, what is 44 + 3413?
3501
In base 9, what is -5 - 183?
-188
In base 3, what is 1022200 - -11?
1022211
In base 6, what is -230 + 2?
-224
In base 4, what is -10 - -2201?
2131
In base 4, what is 3 + -33?
-30
In base 16, what is 3 - -29?
2c
In base 5, what is 3 - -430?
433
In base 15, what is 1 - -7d?
7e
In base 8, what is 11 - -63?
74
In b